, 1103
List the prime factors of 1583134.
2, 7, 113081
List the prime factors of 287694.
2, 3, 11, 1453
What are the prime factors of 22824474?
2, 3, 137, 27767
List the prime factors of 10778897.
10778897
What are the prime factors of 28750335?
3, 5, 1916689
What are the prime factors of 754669?
59, 12791
What are the prime factors of 4402840?
2, 5, 13, 8467
List the prime factors of 410648.
2, 7, 7333
List the prime factors of 1111884.
2, 3, 92657
List the prime factors of 8686408.
2, 1085801
What are the prime factors of 239586?
2, 3, 73, 547
What are the prime factors of 550989?
3, 20407
List the prime factors of 3462302.
2, 47, 36833
List the prime factors of 14000878.
2, 761, 9199
What are the prime factors of 25299694?
2, 7, 1807121
List the prime factors of 3754466.
2, 1877233
List the prime factors of 126755.
5, 101, 251
List the prime factors of 2302962.
2, 3, 463, 829
What are the prime factors of 1710950?
2, 5, 19, 1801
What are the prime factors of 266019?
3, 13, 19, 359
What are the prime factors of 1455152?
2, 90947
List the prime factors of 419601.
3, 7, 13, 29, 53
What are the prime factors of 81897?
3, 27299
List the prime factors of 147491.
83, 1777
List the prime factors of 24183102.
2, 3, 563, 7159
What are the prime factors of 131698?
2, 7, 23, 409
List the prime factors of 5728823.
19, 53, 5689
List the prime factors of 187129.
187129
List the prime factors of 498079.
73, 6823
What are the prime factors of 160893?
3, 59, 101
What are the prime factors of 4367753?
13, 269, 1249
List the prime factors of 4531817.
139, 32603
What are the prime factors of 466152?
2, 3, 19423
List the prime factors of 4296007.
419, 10253
What are the prime factors of 9786650?
2, 5, 195733
List the prime factors of 7313522.
2, 59, 61979
List the prime factors of 974685.
3, 5, 181, 359
What are the prime factors of 1413480?
2, 3, 5, 11779
List the prime factors of 230374.
2, 229, 503
List the prime factors of 7792312.
2, 11, 73, 1213
What are the prime factors of 33018113?
151, 449, 487
List the prime factors of 113618.
2, 56809
What are the prime factors of 6711855?
3, 5, 17, 26321
What are the prime factors of 503458?
2, 139, 1811
List the prime factors of 1106153.
619, 1787
List the prime factors of 247037.
7, 35291
What are the prime factors of 3455565?
3, 5, 107, 2153
What are the prime factors of 9661133?
449, 21517
What are the prime factors of 480586?
2, 19, 12647
What are the prime factors of 12597540?
2, 3, 5, 209959
List the prime factors of 3516567.
3, 643, 1823
What are the prime factors of 132361?
132361
What are the prime factors of 753959?
753959
List the prime factors of 3005113.
313, 9601
List the prime factors of 4775684.
2, 101, 11821
What are the prime factors of 4034267?
151, 26717
List the prime factors of 1894185.
3, 5, 1559
What are the prime factors of 1787557?
1787557
List the prime factors of 416300.
2, 5, 23, 181
What are the prime factors of 2143389?
3, 714463
What are the prime factors of 201746?
2, 149, 677
What are the prime factors of 1188287?
1188287
List the prime factors of 721204.
2, 11, 37, 443
What are the prime factors of 1465486?
2, 11, 29, 2297
What are the prime factors of 267914?
2, 97, 1381
List the prime factors of 286071.
3, 167, 571
List the prime factors of 521726.
2, 260863
List the prime factors of 228742.
2, 114371
List the prime factors of 998133.
3, 332711
List the prime factors of 701005.
5, 19, 47, 157
List the prime factors of 196151.
73, 2687
What are the prime factors of 259723?
259723
What are the prime factors of 29746?
2, 107, 139
List the prime factors of 216294.
2, 3, 13, 47, 59
What are the prime factors of 4831861?
97, 109, 457
What are the prime factors of 231526?
2, 115763
List the prime factors of 13799264.
2, 23, 18749
List the prime factors of 6515699.
173, 37663
List the prime factors of 1008199.
1008199
List the prime factors of 5553910.
2, 5, 555391
What are the prime factors of 1304366?
2, 7, 93169
List the prime factors of 638081.
638081
List the prime factors of 790315.
5, 263, 601
What are the prime factors of 1290697?
157, 8221
What are the prime factors of 430147?
430147
List the prime factors of 270422.
2, 135211
What are the prime factors of 80448?
2, 3, 419
What are the prime factors of 4047029?
7, 47, 12301
List the prime factors of 1108563.
3, 163, 2267
List the prime factors of 225713.
131, 1723
What are the prime factors of 514111?
13, 71, 557
List the prime factors of 161719.
59, 2741
List the prime factors of 36460098.
2, 3, 675187
List the prime factors of 3631380.
2, 3, 5, 29, 2087
List the prime factors of 18244920.
2, 3, 5, 152041
List the prime factors of 1138424.
2, 7, 29, 701
List the prime factors of 65579.
65579
What are the prime factors of 9721167?
3, 3240389
What are the prime factors of 1583255?
5, 29, 61, 179
What are the prime factors of 230415?
3, 5, 15361
What are the prime factors of 64592?
2, 11, 367
List the prime factors of 1459463.
43, 33941
List the prime factors of 413937.
3, 15331
List the prime factors of 4458271.
929, 4799
What are the prime factors of 66175?
5, 2647
List the prime factors of 23900226.
2, 3, 7, 569053
List the prime factors of 16680128.
2, 17, 15331
List the prime factors of 3946606.
2, 71, 27793
List the prime factors of 631321.
313, 2017
What are the prime factors of 46409?
11, 4219
List the prime factors of 1339522.
2, 53, 12637
List the prime factors of 445319.
7, 63617
List the prime factors of 6929088.
2, 3, 151, 239
What are the prime factors of 5423920?
2, 5, 151, 449
List the prime factors of 1863563.
13, 11027
What are the prime factors of 3257142?
2, 3, 7, 77551
List the prime factors of 5712091.
7, 11, 31, 2393
What are the prime factors of 504120?
2, 3, 5, 4201
What are the prime factors of 492903?
3, 54767
What are the prime factors of 9404000?
2, 5, 2351
What are the prime factors of 8334706?
2, 251, 16603
List the prime factors of 8218923.
3, 79, 34679
List the prime factors of 940651.
37, 25423
List the prime factors of 4435211.
11, 191, 2111
What are the prime factors of 1780617?
3, 593539
List the prime factors of 267580.
2, 5, 17, 787
List the prime factors of 633014.
2, 316507
What are the prime factors of 617884?
2, 113, 1367
List the prime factors of 413670.
2, 3, 5, 13789
What are the prime factors of 239590?
2, 5, 13, 19, 97
What are the prime factors of 10829066?
2, 53, 102161
List the prime factors of 1229339.
29, 42391
List the prime factors of 48290.
2, 5, 11, 439
List the prime factors of 117082.
2, 7, 8363
List the prime factors of 267172.
2, 17, 3929
What are the prime factors of 2458163?
19, 67, 1931
List the prime factors of 14615637.
3, 47, 103657
What are the prime factors of 7319921?
7, 19, 47, 1171
What are the prime factors of 79178?
2, 11, 59, 61
List the prime factors of 130674.
2, 3, 29, 751
What are the prime factors of 868771?
868771
List the prime factors of 2222228.
2, 555557
List the prime factors of 188233.
19, 9907
What are the prime factors of 263298?
2, 3, 7, 6269
What are the prime factors of 379939?
7, 54277
What are the prime factors of 42909?
3, 14303
List the prime factors of 6874032.
2, 3, 11, 47, 277
List the prime factors of 2747219.
701, 3919
What are the prime factors of 909106?
2, 11, 31, 43
List the prime factors of 562815.
3, 5, 11, 379
What are the prime factors of 1001480?
2, 5, 25037
List the prime factors of 1081607.
109, 9923
What are the prime factors of 3234172?
2, 179, 4517
List the prime factors of 873681.
3, 17, 37, 463
What are the prime factors of 231023?
13, 1367
What are the prime factors of 3638294?
2, 11, 59, 2803
List the prime factors of 10327273.
11, 938843
List the prime factors of 704808.
2, 3, 13, 251
List the prime factors of 60864.
2, 3, 317
List the prime factors of 3684374.
2, 1842187
What are the prime factors of 88613?
7, 12659
What are the prime factors of 194281?
23, 8447
List the prime factors of 4076188.
2, 179, 5693
What are the prime factors of 1056131?
53, 19927
List the prime factors of 12623951.
12623951
What are the prime factors of 1103056?
2, 71, 971
List the prime factors of 7582614.
2, 3, 13, 97213
List the prime factors of 250400.
2, 5, 313
List the prime factors of 679468.
2, 37, 4591
What are the prim